 + 26. Give m(10).
-224
Let x(s) = 2*s**3 - 3*s**2 - 1045*s + 6792. Determine x(7).
16
Let j(a) = a**3 - 4*a**2 + 139*a - 817. Give j(7).
303
Let l(z) = -24*z**2 + 575*z + 5. Give l(24).
-19
Let w(r) = -2956*r - 26132. What is w(-8)?
-2484
Let f(v) = 443*v + 11432. Give f(-25).
357
Let l(r) = -104*r - 1055. Determine l(-10).
-15
Let q(v) = -2*v**3 - 158*v**2 + 157*v - 396. What is q(-80)?
-156
Let g(y) = -28*y**3 + 2022*y**2 + 116384*y - 434. Determine g(110).
6
Let u(p) = -1074*p**2 - 4266*p + 6. What is u(-4)?
-114
Let h(d) = d**3 + 59*d**2 - 1235*d + 533. Determine h(16).
-27
Let y(t) = t**3 + 56*t**2 + 288*t - 174. Give y(-50).
426
Let a(w) = -1451002*w - 44981057. Determine a(-31).
5
Let h(x) = -2*x**2 - 13286*x + 2428273. Determine h(178).
-3
Let d(f) = -f**3 + 57*f**2 + 155*f + 993. What is d(60)?
-507
Let i(t) = t**3 - 5816*t**2 - 64077*t + 2. Determine i(-11).
-218
Let j(m) = -17*m**3 + 67*m**2 + 50*m - 183. Calculate j(4).
1
Let f(d) = 5432*d - 358484. What is f(66)?
28
Let d(i) = -i**2 - 122*i - 1653. What is d(-9)?
-636
Let g(a) = -975*a**2 - 7786*a + 112. What is g(-8)?
0
Let l(q) = -159*q**3 - 6842*q**2 - 211*q + 95. Determine l(-43).
-77
Let a(v) = -2*v**2 - 289*v + 2205. Determine a(-163).
-3826
Let f(i) = -11*i**2 + 1577*i - 5193. Determine f(140).
-13
Let n(k) = 3*k**2 + 5662*k + 89833. Give n(-16).
9
Let n(q) = -53465*q - 267300. Determine n(-5).
25
Let k(l) = l**3 - 197*l**2 + 1955*l + 764. Calculate k(11).
-237
Let x(r) = -7*r + 405. Calculate x(49).
62
Let j(b) = b**3 + 85*b**2 + 317*b + 5820. Give j(-82).
-2
Let w(b) = 471*b + 141. What is w(-1)?
-330
Let g(y) = -35092*y - 5439267. Give g(-155).
-7
Let b(n) = 18*n**3 + 485*n**2 + 442*n. Give b(-26).
0
Let l(x) = -2*x**3 - 39*x**2 - 23*x. Determine l(-16).
-1424
Let x(u) = 85763*u + 171538. Calculate x(-2).
12
Let y(h) = -5223*h + 1786246. What is y(342)?
-20
Let b(d) = -2845*d + 8737. What is b(3)?
202
Let a(w) = -2*w**3 - 116*w**2 - 42*w - 3161. Give a(-58).
-725
Let g(f) = 9*f**2 - 11646*f - 70196. Determine g(-6).
4
Let w(c) = 26*c + 3500. Determine w(-88).
1212
Let b(h) = -h**3 - 177*h**2 - 333*h + 2509. What is b(-175)?
-466
Let d(x) = 121076*x + 5085175. Calculate d(-42).
-17
Let o(d) = -8738*d + 2822307. Determine o(323).
-67
Let s(i) = -2*i**3 - 19*i**2 + 10*i + 264. Determine s(-7).
-51
Let c(j) = -4*j**3 + 50*j**2 + 23*j - 83. Give c(13).
-122
Let h(s) = -14*s**3 - 89*s**2 - 25*s + 12. Determine h(-6).
-18
Let a(o) = o**2 - 1204*o + 173281. Calculate a(167).
102
Let m(b) = 69*b**3 + 478*b**2 + 22*b + 415. Calculate m(-7).
16
Let c(s) = -739*s + 10812. Calculate c(15).
-273
Let u(x) = -75*x**2 + 3291*x - 33. Determine u(44).
-429
Let c(t) = 5580*t - 2561175. Determine c(459).
45
Let x(k) = 55*k**2 - 6534*k - 455. Determine x(119).
854
Let s(o) = -11*o**2 + 5813*o + 11634. Calculate s(-2).
-36
Let u(x) = 127*x**2 + 132*x - 244. What is u(2)?
528
Let k(a) = -8*a**2 + 93*a - 276. Determine k(7).
-17
Let m(g) = 2701*g + 72896. Give m(-27).
-31
Let b(v) = -6374*v - 815881. Determine b(-128).
-9
Let m(r) = -5*r**2 - 472*r + 4133. Determine m(8).
37
Let i(n) = -3*n**2 + 1132*n + 8009. What is i(-7)?
-62
Let b(n) = -98*n**3 + 163*n**2 + 49*n + 25. Determine b(3).
-1007
Let q(b) = -4*b**3 + 28*b**2 + 752*b - 5473. Calculate q(7).
-209
Let i(y) = -1329*y + 23226. Calculate i(18).
-696
Let f(j) = -2170*j - 4018. Determine f(-2).
322
Let d(a) = 88*a**2 + 3622*a + 244. What is d(-41)?
-330
Let q(i) = -366808*i - 11737857. Calculate q(-32).
-1
Let v(q) = -q**3 - 32*q**2 - 52*q - 172. Give v(-30).
-412
Let o(c) = 68*c + 7363. Determine o(-51).
3895
Let a(t) = -15*t**2 + 121*t - 238. What is a(2)?
-56
Let h(y) = 350*y**2 - 3206*y + 493. What is h(9)?
-11
Let a(t) = 38944*t + 194719. Calculate a(-5).
-1
Let p(n) = 9*n**2 + 1192*n - 7096. Give p(6).
380
Let l(a) = a**3 + 42*a**2 + 253*a + 13. Determine l(-35).
-267
Let w(t) = -409*t - 50882. What is w(-123)?
-575
Let t(v) = -v**3 + v**2 + 15*v - 316. Give t(9).
-829
Let h(z) = -6*z**3 + 78*z**2 + 76*z - 1171. Give h(13).
-183
Let z(v) = v**2 - 2234*v - 355058. Give z(-149).
9
Let b(w) = 669*w + 3326. What is b(-6)?
-688
Let c(a) = -a**3 + 315*a**2 - 12*a + 3807. Calculate c(315).
27
Let h(j) = -47*j**2 + 32*j - 61. Determine h(3).
-388
Let k(o) = -2*o**2 - 154*o - 1976. Determine k(-62).
-116
Let y(n) = 10*n**2 - 250*n + 2. Calculate y(28).
842
Let c(p) = 3*p**3 - 826*p**2 - 662*p + 30363. Give c(276).
3
Let i(f) = 1116*f - 36833. Calculate i(33).
-5
Let r(b) = 22*b**2 - 4296*b + 9656. Give r(193).
6
Let o(c) = c**2 + 811*c + 3248. Give o(-4).
20
Let k(y) = 8965*y**2 + 107579*y - 9. Give k(-12).
3
Let s(u) = -454859*u + 1819434. What is s(4)?
-2
Let h(w) = -w**3 + 33*w**2 + 7774*w - 23576. Calculate h(3).
16
Let c(t) = -t**2 + 248*t - 8993. Determine c(45).
142
Let b(n) = -39*n**3 - 10*n**2 + 13*n + 1. Give b(3).
-1103
Let w(p) = 2*p**3 - 22*p**2 - 618*p - 2479. Give w(-6).
5
Let o(g) = -7255*g + 65213. Give o(9).
-82
Let f(r) = -57*r**2 - 4902*r - 113. Give f(-86).
-113
Let s(z) = 14*z**2 + 332*z - 73. Calculate s(-24).
23
Let v(o) = -o**3 - 12*o**2 + 920*o + 10240. Calculate v(-11).
-1
Let l(i) = -i**3 - 52*i**2 - 375*i - 5. Calculate l(-9).
-113
Let j(s) = s**2 + 3868*s + 11601. Give j(-3).
6
Let u(c) = c**2 + 165*c + 2972. Calculate u(-21).
-52
Let p(a) = -4016*a - 353381. Determine p(-88).
27
Let c(b) = -101*b**2 + 79*b + 2111. Give c(5).
-19
Let c(b) = 2*b**3 - 164*b**2 + 335*b - 14006. What is c(81)?
7
Let f(c) = -11*c + 1006. Determine f(5).
951
Let r(s) = -95*s - 5153. What is r(-53)?
-118
Let u(z) = -2*z**2 + 3428*z + 451829. Calculate u(-123).
-73
Let c(j) = 108*j**2 + 2398*j + 199. Calculate c(-22).
-285
Let t(c) = -582*c**2 - 570*c + 18. Give t(-1).
6
Let l(k) = k**3 + 313*k**2 - 906*k - 379999. Determine l(-312).
17
Let i(r) = -18668*r - 46091286. Give i(-2469).
6
Let j(d) = -d**2 - 11901*d - 71363. Calculate j(-6).
7
Let x(n) = n**2 + 30407*n - 1461840. What is x(48)?
0
Let y(q) = -q**3 + 102*q**2 + 740*q - 96. Calculate y(-7).
65
Let q(b) = b**2 - 233*b + 13562. Calculate q(125).
62
Let h(k) = -k**3 - 167*k**2 - 104*k + 10277. Determine h(-166).
-15
Let d(k) = -697*k + 39492. What is d(55)?
1157
Let g(b) = -43*b - 880. Give g(-29).
367
Let x(u) = -u**3 + 30*u**2 - 116*u + 7. Calculate x(4).
-41
Let x(f) = -977*f**3 - 4*f**2 - 15*f + 20. Calculate x(1).
-976
Let q(x) = 2040*x**2 + 5894*x - 26. Give q(-3).
652
Let o(k) = 6*k**2 - 9791*k - 78719. What is o(-8)?
-7
Let w(x) = 949*x - 7951. Give w(7).
-1308
Let y(n) = 5*n**2 - 1061*n + 31527. Determine y(176).
-329
Let w(g) = 3*g**2 + 340*g + 9947. What is w(-29)?
2610
Let w(m) = -4*m**2 - 824*m - 16609. What is w(-20)?
-1729
Let n(g) = 1042*g - 26198. What is n(28)?
2978
Let x(w) = -w**3 - 32*w**2 - 74*w - 1780. Determine x(-23).
-4839
Let b(a) = -78*a + 1288. Calculate b(24).
-584
Let r(s) = -s**3 + 36*s**2 - 370*s + 1175. Give r(21).
20
Let k(w) = -w**3 - 146*w**2 - 570*w - 303. Calculate k(-142).
-19
Let t(x) = 4*x**3 - 213*x**2 + 84*x + 176. Give t(53).
1819
Let p(m) = -7417*m + 170585. Calculate p(23).
-6
Let h(q) = 3387*q - 30498. Calculate h(9).
-15
Let x(n) = 6625590*n - 46379135. What is x(7)?
-5
Let w(i) = -376*i**2 + 759*i - 2. Calculate w(2).
12
Let c(w) = -2*w**3 + 10*w**2 + 562*w - 4102. Give c(8).
10
Let m(y) = y**2 + 47*y - 267. Calculate m(6).
51
Let x(p) = p**3 + 64*p**2 - 43*p + 76. Calculate x(-65).
-1354
Let r(x) = 243*x**2 + 19438*x - 160. Calculate r(-80).
0
Let r(b) = 259*b**2 + 140875*b - 11400. What is r(-544)?
24
Let v(f) = -2*f**3 - 150*f**2 - 209*f - 305. Determine v(-73).
-6364
Let u(r) = -1154*r - 687792. Calculate u(-596).
-8
Let p(o) = -9*o**2 + 69*o - 8. What is p(15)?
-998
Let i(g) = -10917*g - 840597. What is i(-77)?
12
Let c(l) = -l**3 + 2*l**2 + 518*l - 2529. Determine c(5).
-14
Let z(i) = -2*i**2 - 1110*i - 152074. Determine z(-309).
-46
Let a(w) = -12*w**2 - 2400*w - 148. Calculate a(-200).
-148
Let o(a) = -1114*a**2 - 165982*a + 605. Give o(-149).
9
Let r(o) = 1851*o + 3586. Calculate r(-2).
-116
Let q(p) = p**3 + 67*p**2 + 61*p - 433. What is q(-66)?
-103
Let u(l) = -2*l**3 - 37*l**2 - 212*l - 1504. Determine u(-14).
-300
Let x(t) = -t**2 + 226*t + 31833. What is x(322)?
921
Let q(j) = -1545*j + 199. What is q(0)?
199
Let